z**2 + 4*z + 5. Let q(b) = -b**3 - b**2 + b - 1. Let x(f) = 3*q(f) + r(f). Calculate x(k).
-4
Let v(y) = y**2 - y + 1. Let h(u) = -2*u + 2 - 3 + 0*u + 3*u. Let q(i) = -4*h(i) - 4*v(i). What is q(1)?
-4
Let v(t) = 7*t - 1. Let w = -11 - -18. Let x(d) = -8*d + 1. Let g(u) = w*v(u) + 6*x(u). Let j(h) = -h - 8. Let p be j(-4). Calculate g(p).
-5
Let g be -55*((-8)/5)/4. Let a = g + -17. Let k(r) = 2*r - 4. Determine k(a).
6
Let l(q) = -2*q + 2. Let a be (-9)/6 + 1/(-2). Let x(y) = -y**2 - y + 2. Let g be x(a). Let w be (3 + g/(-3))/(-1). Determine l(w).
8
Let c(q) = -9*q + 1. Let w(x) = -x**3 + 7*x**2 - 3*x + 7. Let n be w(7). Let r = n + 15. Calculate c(r).
-8
Let x(v) = -v**3 - 3*v**2 - 2*v + 1. Suppose 4*n + 20 = -4*o, 3*n - 5*o = -12 - 19. Suppose -g - 5 = -10. Let h = n + g. Determine x(h).
1
Let n(u) = -u + 3. Suppose -2*g - 11 = 3. Let f(w) be the second derivative of w**4/12 + w**3 - 7*w**2/2 - 10*w. Let r be f(g). Determine n(r).
3
Let o(a) = a**3 - a**2 + 14. Let n = 7 + -7. Let b be o(n). Let d(f) = -5*f**2 - f**3 - 15 - 6*f - 2*f**2 + b. Calculate d(-6).
-1
Let r(x) = -17*x + 5. Let w(h) = -6*h + 2. Let v be 13/(-5) - (-2)/(-5). Let m(d) = v*r(d) + 8*w(d). Determine m(-1).
-2
Let d(y) = y**2 + 6*y - 2. Suppose -4*p + 0*p - 20 = 0. Determine d(p).
-7
Let l(v) = -5*v**3 - v**2 - 2*v - 1. Let o(h) = -16*h + 2. Let g be o(2). Let d be 6/2*10/g. Calculate l(d).
5
Suppose 6 = 2*z, p - 2*p - 4*z + 13 = 0. Let b(c) = c + 0*c**2 + 8*c**2 - 2*c**2 + 9 + c**3 - p. What is b(-6)?
2
Let g(y) = 4*y**3 - 64 + 64. Give g(-1).
-4
Let f = -6 - -8. Let p(b) = b**2 - b**2 - b - b**f. Suppose 3*m + 0 - 6 = 0. Calculate p(m).
-6
Let v(b) = -b + 3 + 6 + 0. Determine v(5).
4
Let m(w) = w**2 + 5*w - 4. Let u be m(3). Suppose -5*i - 5*b = -u, -4*i + 15 = 2*b + b. Let x be -3 - -5 - (i + 1). Let t(h) = -h**2 - h - 1. Determine t(x).
-3
Let o(n) = -n**2 - 9*n + 4. Let b(w) = w. Let v(q) = 5*b(q) + o(q). Let p be -4 - (-1*1 - 0). Determine v(p).
7
Let x(s) = s**3 - 6*s**2 - 6*s + 2. Suppose -2*m - q + 21 = m, 2*m - 14 = 2*q. Give x(m).
9
Let a(k) = -2*k**3 + k + 1. Let w(u) = -10*u**3 - u + 1. Let z be w(1). Let o be (-6)/(-2) - (-6 - z). Calculate a(o).
2
Let y(n) = 3*n. Let h(a) = -7*a + 1. Let q(i) = 2*h(i) + 5*y(i). Let r(w) = -w**2 - 5*w - 1. Let z be r(-5). What is q(z)?
1
Let c(m) be the first derivative of m**2/2 + m - 2. Let y(n) = n**2 + 3*n + 3. Let d(l) = -2*c(l) - y(l). Give d(-5).
-5
Let n(b) = 9*b**3 - 4*b**2 - 2*b - 9. Let d(l) = -5*l**3 + 2*l**2 + l + 5. Let h(y) = -5*d(y) - 3*n(y). Calculate h(2).
-4
Let r(u) = u + 4. Let z be r(-7). Let w(f) = -f**3 - 3*f**2 + 4*f + 4. Let k be w(z). Let y = k + 4. Let p(b) = -b**3 - 4*b**2 - 3*b - 5. What is p(y)?
7
Suppose 5*y = y. Suppose y + 8 = -4*q. Let t(n) = -3 - 3*n + n**2 + 4*n**2 - 4*n**2. Give t(q).
7
Let z(c) = c**3 - 7*c**2 + c + 2. Let n be z(7). Let f = n + -6. Let r(g) = 5*g**f - 1 - 5*g**2 + 0 - 4*g**3 - g. What is r(5)?
-6
Suppose 0 = -5*b + 5*c + 10, -5*c = 3 - 13. Let u = b - 7. Let x(k) = k**3 + k + 0*k**3 + 2*k + 4*k**2. Determine x(u).
0
Let d(q) = 93*q - 46*q - 49*q. Calculate d(2).
-4
Let k(c) = -c**3 - 5*c**2 + 13*c - 12. Let f be k(-7). Let z(o) = -o**3 - 5*o**2 + 3*o - 2. Calculate z(f).
-17
Suppose 5*k = 4*l + 18, -l + 2*l + 3*k = 4. Let i(q) = 4*q**3 - 3*q**3 + 2*q + 1 - q**2 + 4*q**3 - 6*q**3. What is i(l)?
1
Suppose -5*m - 4 = -m. Let i(u) be the third derivative of -3*u**5/20 - u**4/24 - u**3/6 - u**2. What is i(m)?
-9
Let h(x) be the third derivative of -x**8/6720 - x**7/2520 - x**5/20 - x**4/8 + x**2. Let v(c) be the second derivative of h(c). Determine v(0).
-6
Let s = 16 + -10. Let x = -5 + s. Let a(k) = -2 - 5*k**3 + 2 + 0 + x + k. What is a(-1)?
5
Suppose -5 - 9 = 2*v. Let o(g) = -2*g + 3. Let j(n) = -3*n + 4. Let r(c) = v*o(c) + 6*j(c). Give r(2).
-5
Suppose -3*h = 5*n - 37, 5*h = 4*n - 0*h. Let q(y) = y - 6. Determine q(n).
-1
Let o(f) = 1 - 4 - 267*f + 272*f. Determine o(4).
17
Let z(v) = -2*v**2 + 2*v + 8. Suppose -4*j + 24 = 4*d, d - 2*j + 0 = 3. Let n(f) = -2*f**2 + 2*f + 7. Let r(t) = d*z(t) - 6*n(t). Calculate r(2).
2
Let u(k) = k. Let m(a) = -5*a - 4. Let w(r) = -r**2 - 3*r - 2. Let y be w(-4). Let h(g) = y*u(g) - m(g). What is h(-6)?
10
Let y(s) = -s**3 - 7*s**2 - 6*s. Let m be y(-6). Let o = 6 + m. Let f(t) = 2*t - 8. Let i be f(o). Let h(a) = -a - 1. Determine h(i).
-5
Let m(q) = -q**2. Let i be m(-4). Let w = i + 15. Let j(o) = 15*o**2 - 1. What is j(w)?
14
Let g(t) = -7*t + 8 + 5*t + t**3 - 5*t + 7*t**2 - 2*t**3. Give g(6).
2
Let z(d) = d - 5*d**2 + d + 4*d**2 - d - d**3. Determine z(2).
-10
Let p(r) = -r**2 - 2*r - 2. Let t be p(-2). Let n(o) be the second derivative of -3*o + 3/2*o**2 + 0 + 5/6*o**3. Calculate n(t).
-7
Let k(p) = 7*p - 6*p + 20*p**2 + 4*p**2 - p**2. What is k(-1)?
22
Let v(h) be the third derivative of h**4/24 + h**3/6 - 15*h**2. Suppose m - 13 = -3*t, -2*m = t - 0*t - 1. Determine v(m).
-1
Let u(n) be the first derivative of -n**4/4 - 2*n**3 - 5*n**2/2 + n - 5. Suppose 0 = 3*t - 4*t - 2. Let k = -2 + t. Determine u(k).
-11
Suppose 2*v + 8 = 5*g - 10, -5*g - 2*v + 22 = 0. Let y(t) = -11*t**3 + t**2 + 17*t - 4. Let n(k) = -4*k**3 + 6*k - 1. Let s(a) = -8*n(a) + 3*y(a). What is s(g)?
-8
Let a(l) = 23*l - 5 - 4 - 37*l + 1 - l**2. Give a(-13).
5
Let o(n) = 6*n**3 - 12*n**2 + 6*n + 2. Let f(u) = 7*u**3 - 13*u**2 + 6*u + 1. Let t(m) = 5*f(m) - 6*o(m). Determine t(6).
-7
Let r(n) be the third derivative of -n**5/60 - n**4/3 - 4*n**2. What is r(-6)?
12
Let u(y) = 5*y + 4. Let n(o) = o**3 - 14*o**2 + 14*o - 17. Let j be n(13). What is u(j)?
-16
Let y(o) = 2*o**3 - o**2 + 3*o - 4. Let z(b) = 2*b**3 - 2*b**2 + 4*b - 5. Let r(n) = 4*y(n) - 3*z(n). Give r(1).
3
Let y(s) = -2*s**3 + s**2 + 3*s + 2. Let w(b) = -3*b - 41. Let g be w(-13). Calculate y(g).
16
Let t(m) = m**2 - 2*m - 2 + 1 + 3*m**2. Let y(j) = -2*j**2 - 26*j - 1. Let x be y(-13). Calculate t(x).
5
Let f(s) = 3*s**3 - 9*s - 3. Let d(m) = -5*m**3 + 14*m + 5. Let x(r) = -5*d(r) - 8*f(r). Give x(-2).
-13
Let o = -114 + 120. Let y(m) = 7*m**3 - 12*m**2 + 2*m + 7. Let d(n) = 5*n**3 - 5*n**3 + 3*n + 11*n**3 + 11 - 18*n**2. Let p(v) = 5*d(v) - 8*y(v). What is p(o)?
-7
Let t(c) = 2*c**2 + 1. Let o be 1/(-3) + (-8)/12. Let n = 9 - o. Let b be (4/3)/(n/15). Give t(b).
9
Let s(w) = -7 - 4*w + 2 - 1 + w**2. What is s(6)?
6
Let l(q) be the first derivative of 9*q**2/2 + 3*q + 1. Let g(o) = 1 - 3 - 6*o + 0. Let i(m) = -8*g(m) - 5*l(m). Give i(1).
4
Let s(a) be the third derivative of 1/60*a**5 + 0*a + 2*a**2 + 1/6*a**3 + 0 + 1/4*a**4. Determine s(-4).
-7
Let y(f) = -2*f**2 + 2. Let w = -11 - -20. Suppose 2 = -r + w. Suppose 4 = 2*s, 1 - r = 4*p + s. Determine y(p).
-6
Let o be (-542)/(-26) - 4/(-26). Let g(p) = 19 + o - 42 + p. Give g(4).
2
Let j(k) = 17 - 16 + 3*k**2 - k**2 + 6*k**3 - 2*k. Determine j(1).
7
Let n be (30/(-8))/((-6)/(-16)). Let y(z) = z**2 + 9*z - 5. Calculate y(n).
5
Suppose -3*l - 2*l = -4*s + 7, s - 4 = -l. Let u(k) = 2*k**2 - 4*k - 1. What is u(s)?
5
Let h = -22 - -26. Let z(n) = -n**3 + 3*n**2 + 4*n - 6. Give z(h).
-6
Let o be 2 + -4*1/(-4). Let f(w) = -w**3 - w**3 + 3*w**2 - 1 + 2*w - 4*w. Let d(l) = -3*l**3 + 6*l**2 - 4*l - 1. Let t(g) = o*d(g) - 5*f(g). What is t(-4)?
-6
Let x = 30 + -29. Let w(v) = -11*v - 1. Calculate w(x).
-12
Let h(k) = -3*k + 2. Let o(b) = -b. Suppose -3*t = -4*t + 3. Let i(m) = t*h(m) - 6*o(m). Give i(4).
-6
Let x(z) = -z**2 + z - 1. Let v(i) = i**2 - i + 1. Let b(d) = 2*v(d) + 3*x(d). Give b(0).
-1
Suppose -5*y + 3 = -22. Let g(k) = 2*k**2 - 6*k + 1. Let h be g(4). Let v(r) = h - 4 + 3*r**3 + 4*r - 2*r**3 - 8*r**2 + 2*r**2. What is v(y)?
0
Suppose 2 - 10 = -2*q. Let l(x) = -x**2 + 5*x - 1. What is l(q)?
3
Let l(h) = h**3 + 4*h**2 - 3*h + 6. Let d be l(-5). Let v = 3 + d. Let j(f) = f**2. What is j(v)?
1
Let p(c) = -c**3 - 3*c**2 + c + 5. Let b = 2 - 4. Let q(g) = -2*g**3 - 5*g**2 + g + 9. Let f(o) = b*q(o) + 5*p(o). Suppose 0 = 4*z + z + 25. Determine f(z).
-8
Let h(p) be the third derivative of p**4/8 + p**3/3 - 28*p**2. Determine h(-6).
-16
Let v(b) = -9 + 2*b - 3*b + 9. Determine v(6).
-6
Let a(i) = 3*i. Let u be a(1). Let o(w) = 2*w - w**3 + 0*w**u + 2*w**3. Determine o(-2).
-12
Let f be 6*((-15)/(-9) + -1). Let t(k) = -k**2 + 2*k + 2. Determine t(f)